me number?
False
Suppose 5*p = 40*p - 1265915. Is p composite?
True
Let z(q) = 33295*q - 6933. Is z(44) a prime number?
False
Is 90704 + -1 + ((-253)/23 - (-6 - -1)) prime?
True
Suppose -3*w = -4*m + 231625, -18*m = -22*m + 2*w + 231626. Is m composite?
True
Let b(k) = k**2 - 4. Let p be b(4). Let t = 9 + p. Is 5509 - (3/t - (-39)/21) a prime number?
True
Suppose 2*s + 7 = 5*m, -s = -0*s - 4. Suppose 18259 = m*v - 12032. Is v a composite number?
True
Let a = -98 + 103. Suppose 5*l + 2621 - 12119 = 2*j, 9510 = a*l - 5*j. Suppose 2*s = l + 776. Is s prime?
False
Let d(u) = -8*u - 391. Let k be d(-52). Suppose -17*i - k*i = -86646. Is i a prime number?
True
Let k be 18/((-3)/1) - -6. Suppose k = 4*y + 4*h - 5*h - 20352, 3*h - 25423 = -5*y. Is y prime?
True
Suppose 0 = 43*q + 82769 - 299489. Suppose 0 = -23*h + 32893 - q. Is h prime?
False
Let a = -552 + 552. Suppose a = -3*c + x + 4*x + 4604, 0 = -c - x + 1548. Is c composite?
False
Let w = -587 + 10255. Suppose -w = -86*l + 82*l. Is l a prime number?
True
Let h = -31850 - -136471. Is h a prime number?
False
Let g(a) = a**2 + 2*a + 37. Let p be g(6). Suppose -p = 7*n - 1380. Is n a prime number?
False
Suppose 5*c + 2*q = -384, 3*c + 246 = -q + 16. Let v = c - -57. Let z(i) = -i**3 - 17*i**2 + 33*i + 28. Is z(v) a prime number?
False
Let k = 137 - 134. Suppose -5*d + k*l = -1595, 0 = -3*d - 5*l + l + 957. Is d composite?
True
Is 1952/732*(-209421)/(-24) composite?
False
Suppose 0 = -3*t + 7*t - 52. Suppose -t*f + 8*f = -20. Suppose 0 = f*u - 0*u - 17332. Is u composite?
True
Let j = 264491 - 6472. Is j composite?
False
Suppose -6*b + 3*b = -9. Let g be -6*(b - 175/30). Suppose -2*r - g = -307. Is r composite?
True
Suppose -3*a = z - 34817, -4*a = 41*z - 42*z + 34817. Is z prime?
False
Let t be (-10 - 16661)*104/(-6). Suppose -21*s + t = 31*s. Is s prime?
True
Suppose -305284 = -84*d + 70*d. Let u = d + -12013. Is u composite?
True
Let j(b) = -b**3 - 20*b**2 + 18*b + 20. Suppose -6*f = -0*f - 690. Suppose -13*l + 8*l = f. Is j(l) a prime number?
True
Suppose -22*u + 48*u - 558870 = 0. Suppose -3*w + 7315 = q, -4*q + 7781 + u = -4*w. Is q prime?
False
Let x(k) = 4695*k - 2371. Is x(108) a prime number?
False
Suppose -5*q + 4 = -4*d - 34, -3*d + 5*q - 31 = 0. Let w(y) = -4907*y + 72. Is w(d) composite?
False
Let x be (-86)/(-6) + (-2)/6. Suppose x*r - 12*r - 510 = 0. Suppose r = 3*c + 4*y, -4*c = -5*y + 111 - 482. Is c composite?
False
Let j(g) = g**3 + 12*g**2 - 31*g - 20. Let q be j(-14). Suppose q*s - 74459 = 11*s. Is s a composite number?
True
Let f be -4 - (14/(-18) - (-2)/(-9)). Let u be f/(-2) - 2667/(-14). Let h = 641 - u. Is h a prime number?
True
Let n = 59 + -54. Suppose -5056 = -n*j + 22489. Is j a composite number?
True
Let o(d) = 2*d**3 - 6*d**2 + d + 2. Let c be o(3). Suppose -1272 = -4*a - 4*x, -2*a + c*x + 94 = -549. Is a a composite number?
True
Suppose 10*z - 903 = -d + 11*z, 0 = -5*d - 4*z + 4551. Is d prime?
True
Let j = 632 + -4899. Let m = -2773 - j. Is (-10)/25 - 2/((-20)/m) composite?
False
Suppose 535*k - 664445 = 518*k. Is k a prime number?
False
Suppose 106*y = 112*y. Let p(s) = -s**3 + s**2 - 2*s + 1409. Is p(y) prime?
True
Suppose -27 = -2*m - j, -3*j + 42 = 5*m - 24. Is m*((-4)/18)/((-4)/8994) a composite number?
True
Let w = 55053 + -17254. Is w a prime number?
True
Let u(v) = 3*v**2 - 91*v + 33. Let j be u(30). Suppose j*f - 5025 - 822 = 0. Is f a prime number?
True
Let d = -4617 - -3073. Is (d/(-40))/((-1)/(-35)) prime?
False
Let p = -1071529 + 1641810. Is p a composite number?
True
Let r = 54202 + 206439. Is r a prime number?
False
Let f = -3079 + 4328. Suppose -n + f + 574 = 0. Is n prime?
True
Let n(i) = -1124*i + 37. Let p(s) = -1124*s + 37. Let g(h) = -2*n(h) + 3*p(h). Is g(-8) composite?
False
Let i = 30 - 27. Let f(j) = 65*j**3 + 2*j**2 - 7*j + 7. Is f(i) a composite number?
False
Suppose 27*a - 39*a + 60 = 0. Let c(b) = 44*b**2 + 11*b - 22. Is c(a) prime?
False
Let m(n) = n**3 - 5*n**2 + 7*n - 25. Let h be m(11). Suppose 2*y + 2*l = -2*l + h, 398 = y - l. Let g = -216 + y. Is g prime?
True
Is (-466)/(-5359) - (14270024/(-46) - -1) a prime number?
False
Let v(l) = 14243*l**3 + l**2 + l - 2. Suppose 0 = 35*i - 30*i - 5. Is v(i) composite?
False
Is (50 - 47)*(-44439)/(-9) prime?
True
Let k(m) = 12301*m + 875. Is k(36) a prime number?
True
Let a(x) = 5*x**3 + 4*x**2 + 70*x - 67. Is a(18) composite?
False
Let v(k) = 4393*k - 2200. Is v(21) prime?
True
Suppose 3*k + k = -k. Suppose 8*f - 6*f - 9704 = k. Suppose 0 = -4*s + 4*u - 0*u + f, -u = -4*s + 4846. Is s prime?
False
Let f be (-4)/((-8)/(-6))*-1819. Suppose 0 = 7*i + 3*i - 38980. Let h = f - i. Is h a prime number?
True
Let p be (-2)/(-8) + (-145)/20. Let y(w) = w**3 - w. Let u(s) = -11*s**3 - 5*s**2 + 2*s + 1. Let r(h) = u(h) + 6*y(h). Is r(p) composite?
False
Let u = 609570 - 322379. Is u a prime number?
True
Let f be (-909 - (-3)/(-1)) + -2. Let n = f - -1512. Suppose -2*x + n = -4*t, 5*x - x = -2*t + 1166. Is x a composite number?
False
Suppose -30*q + 1091506 = -1139804. Is q a prime number?
True
Let p(t) = -t**3 + 84*t**2 + 161*t - 801. Is p(67) prime?
False
Let f(t) = -67463*t - 51. Is f(-4) composite?
True
Let t(s) = s**3 + 7*s**2 - 7*s + 13. Let z be t(-8). Suppose 2899 = 4*o - z*k - 652, 2*k + 4443 = 5*o. Is o a composite number?
True
Let p(v) = -128*v + 84839. Is p(0) prime?
False
Let o(x) = 16 + 101 + 40 + 338*x. Is o(18) a prime number?
False
Let h = -668505 - -996902. Is h a prime number?
True
Let n(s) = 7*s + 6. Let v be n(-5). Let k = 29 + v. Suppose -j + 5*j + 494 = 2*i, -5*i + 3*j + 1249 = k. Is i a prime number?
True
Is 267499/11 + 1 - 4/44 prime?
False
Suppose -819216 = -13*z + 6692171. Is z prime?
True
Let v = -4 + 9. Suppose 2*m = -3*s, -s + 3*s = v*m - 38. Suppose 543 - 1557 = -m*l. Is l a composite number?
True
Let s(t) = t**2 - 5*t - 63. Let m be s(11). Suppose 0 = -3*f + 3*u + 12507, 2*f - m*u - 2*u = 8338. Is f a composite number?
True
Let n = 5462 - 2353. Is n prime?
True
Let y(b) = -3*b**3 - 4*b**2 - 12*b - 15. Suppose -241 = 3*d - u, -416 = 5*d - 3*u - 9. Let q = 71 + d. Is y(q) composite?
False
Let b = -4796 - -7966. Suppose -q - t - 650 = -5*t, 5*q - 4*t = -b. Is (-1)/6*2 + q/(-27) a composite number?
False
Let l(x) = 1336*x - 511. Is l(17) a composite number?
True
Suppose 0 = -5*a + t + 4304, -3*a - 18*t + 13*t + 2588 = 0. Suppose 4*j - 1162 = -p, -4*j - 3*p = -5*p - 1156. Let n = j + a. Is n a composite number?
False
Let q(k) be the second derivative of 13*k**4/4 + 5*k**3/3 + 11*k**2 - 18*k. Is q(-6) a composite number?
True
Let m(t) = 16*t - 62. Let c be m(-3). Let x = c + 167. Is x prime?
False
Suppose -136 = -5*d + 7*d. Let l = -68 - d. Suppose l = 4*v + v - 2515. Is v a composite number?
False
Suppose -1310 - 613 = 3*h. Let r = -84 - h. Is r a prime number?
True
Is 10522*((-65)/(-90) - (-2)/(-9)) a prime number?
True
Suppose -112*n - 77203 = -153*n. Is n prime?
False
Let z(d) = 996*d**2 - 32*d - 517. Is z(-42) a composite number?
False
Let n be (-22 - -3) + (-30660)/28. Let l be 1/(0 + (-2)/5710). Let b = n - l. Is b prime?
True
Suppose 3 + 5 = 2*s - 3*y, -4*s + 16 = -4*y. Is (-17)/((-68)/8)*118/s prime?
True
Let r = -1182496 - -2088725. Is r composite?
False
Let u = -32 + 42. Suppose -5*t + u*t = 40. Let d(l) = 5*l - 9. Is d(t) a composite number?
False
Suppose 0 = -0*y + 3*y + 2*d - 118, -y = 5*d - 48. Suppose y = 10*c + 8. Suppose -3*m + c*r + 132 = 0, -2*m = -r - 132 + 39. Is m a prime number?
False
Let i = -6356 - -3972. Let d = i + 4811. Is d composite?
True
Let r = 210733 - 114452. Is r a composite number?
False
Is (-11336)/182*(-25165)/20 a composite number?
True
Let i = 80957 - 31126. Is i composite?
False
Is 27852 - 19/(247/65) a prime number?
True
Let w(z) = 122*z**2 + 127*z - 930. Is w(77) composite?
False
Suppose 2*p - 19*o = -14*o + 2440369, 5*p - o - 6100888 = 0. Is p a composite number?
True
Let y(v) = v**3 - 32*v**2 - 66*v + 55. Let k be y(34). Is (145 - k)*3862/4 composite?
True
Suppose -1050*t = -1041*t - 91863. Is t prime?
False
Let t(m) = 4*m**2 - 34*m - 21. Let c(u) = u**2 - 12*u - 18. Let j be c(11). Let p = j + 46. Is t(p) composite?
False
Suppose 3*v + 100393 = -l, -18*l = 2*v - 19*l + 66927. Let d = v - -47559. Is d prime?
False
Let l = -45 +